{"id":21,"date":"2021-10-01T23:06:46","date_gmt":"2021-10-01T21:06:46","guid":{"rendered":"http:\/\/eventdjwesel.de\/?page_id=21"},"modified":"2026-03-04T16:14:39","modified_gmt":"2026-03-04T15:14:39","slug":"technik","status":"publish","type":"page","link":"https:\/\/eventdjwesel.de\/startseite\/technik\/","title":{"rendered":"Technik"},"content":{"rendered":"\n<p class=\"has-dark-gray-color has-text-color\">Hier gebe ich einen Einblick in meine verwendete Technik. Ich kann mich als Technik-Nerd outen. Das kommt nat\u00fcrlich meinen Kunden zugute. Zudem bin ich sehr auf Sicherheit bedacht und habe immer einen PLAN-B in der Tasche. Ausfallsicherheit wird bei mir gro\u00df geschrieben. Das f\u00e4ngt mit der guten Pflege und Wartung der Ger\u00e4te an und h\u00f6rt mit den passenden und gleichwertigen Ersatzger\u00e4ten auf. Ja genau, Sie haben richtig geh\u00f6rt! Sollte mein Laptop ausfallen, habe ich IMMER einen Ersatz Rechner dabei, bei dem genau das gleiche installiert ist wie auf meinem Hauptlaptop. <\/p>\n\n\n<div class=\"wp-block-image is-style-rounded\">\n<figure class=\"alignleft size-large is-resized\"><img loading=\"lazy\" decoding=\"async\" width=\"1024\" height=\"768\" src=\"https:\/\/eventdjwesel.de\/wp-content\/uploads\/2024\/12\/Prime4-1024x768.jpg\" alt=\"\" class=\"wp-image-770\" style=\"width:307px;height:172px\" srcset=\"https:\/\/eventdjwesel.de\/wp-content\/uploads\/2024\/12\/Prime4-1024x768.jpg 1024w, https:\/\/eventdjwesel.de\/wp-content\/uploads\/2024\/12\/Prime4-300x225.jpg 300w, https:\/\/eventdjwesel.de\/wp-content\/uploads\/2024\/12\/Prime4-768x576.jpg 768w, https:\/\/eventdjwesel.de\/wp-content\/uploads\/2024\/12\/Prime4-1536x1152.jpg 1536w, https:\/\/eventdjwesel.de\/wp-content\/uploads\/2024\/12\/Prime4-2048x1536.jpg 2048w, https:\/\/eventdjwesel.de\/wp-content\/uploads\/2024\/12\/Prime4-676x507.jpg 676w\" sizes=\"auto, (max-width: 1024px) 100vw, 1024px\" \/><\/figure>\n<\/div>\n\n\n<p class=\"CSS text-align has-dark-gray-color has-text-color\">Ich arbeite mit den Big-Playern der Branche. \u00dcberzeugt von der Sound-Qualit\u00e4t habe ich mich f\u00fcr DENON DJ entschieden. Nicht nur f\u00fcr den Hauptcontroller. Auch der Zweitcontroller sind aus der Prime Serie von Denon. Somit z\u00e4hle ich den Denon PRIME 4+ von Denon zu meinem Hauptcontroller. Der Prime GO ist ein Akkubetriebener Proficontroller und immer einsatzf\u00e4hig.Mit dem Prime GO und Dem Akkulautsprecher von PL-Audio bin ich f\u00fcr gut 3 Stunden komplett autark und kann an dem Ort ohne Strom auflegen. Zwei Funk Mikrofone sind f\u00fcr freie Trauungen kein Problem. Auch ein Headset f\u00fcr den Trauredner kann mitgebucht werden. Meine Laptops sind ausschlie\u00dflich von der Apples Pro Serie. Auch hier sind immer mindestens zwei bei einer Veranstaltung dabei. Qualitativ hochwertige Funkstrecken habe ich von Sennheiser. Sennheiser ist eine der f\u00fchrenden Marke wenn es um kabellose Mikrofone geht. Hier sind auch immer zwei professionelle Mikrofone im anmeldefreien Bereich vorhanden.<\/p>\n\n\n\n<p class=\"has-text-align-left\">Tontechnisch habe ich mich vor ein paar Jahren f\u00fcr PL-Audio entschieden. Die hohe Aufl\u00f6sung des Sounds und die kraftvollen B\u00e4sse haben meine Entscheidung erleichtert. Die Lautsprecher werden hier in Deutschland im Sauerland hergestellt und sind top verarbeitet. Die Jungs von PL-Audio machen einen sehr guten Job und die telefonische Beratung ist ausf\u00fchrlich.<\/p>\n\n\n\n<figure class=\"wp-block-video\"><video height=\"1080\" style=\"aspect-ratio: 1920 \/ 1080;\" width=\"1920\" autoplay loop muted src=\"https:\/\/eventdjwesel.de\/wp-content\/uploads\/2025\/10\/IMG_8427.mov\"><\/video><\/figure>\n","protected":false},"excerpt":{"rendered":"<p>Hier gebe ich einen Einblick in meine verwendete Technik. Ich kann mich als Technik-Nerd outen. Das kommt nat\u00fcrlich meinen Kunden zugute. Zudem bin ich sehr auf Sicherheit bedacht und habe immer einen PLAN-B in der Tasche. Ausfallsicherheit wird bei mir gro\u00df geschrieben. Das f\u00e4ngt mit der guten Pflege und Wartung der Ger\u00e4te an und h\u00f6rt [&hellip;]<\/p>\n","protected":false},"author":1,"featured_media":0,"parent":0,"menu_order":0,"comment_status":"closed","ping_status":"closed","template":"","meta":{"ngg_post_thumbnail":0,"footnotes":""},"class_list":["post-21","page","type-page","status-publish","hentry","post-preview"],"yoast_head":"<!-- This site is optimized with the Yoast SEO plugin v27.1.1 - https:\/\/yoast.com\/product\/yoast-seo-wordpress\/ -->\n<title>Technik -<\/title>\n<meta name=\"robots\" content=\"index, follow, max-snippet:-1, max-image-preview:large, max-video-preview:-1\" \/>\n<link rel=\"canonical\" href=\"https:\/\/eventdjwesel.de\/startseite\/technik\/\" \/>\n<meta property=\"og:locale\" content=\"de_DE\" \/>\n<meta property=\"og:type\" content=\"article\" \/>\n<meta property=\"og:title\" content=\"Technik -\" \/>\n<meta property=\"og:description\" content=\"Hier gebe ich einen Einblick in meine verwendete Technik. Ich kann mich als Technik-Nerd outen. Das kommt nat\u00fcrlich meinen Kunden zugute. Zudem bin ich sehr auf Sicherheit bedacht und habe immer einen PLAN-B in der Tasche. Ausfallsicherheit wird bei mir gro\u00df geschrieben. Das f\u00e4ngt mit der guten Pflege und Wartung der Ger\u00e4te an und h\u00f6rt [&hellip;]\" \/>\n<meta property=\"og:url\" content=\"https:\/\/eventdjwesel.de\/startseite\/technik\/\" \/>\n<meta property=\"article:modified_time\" content=\"2026-03-04T15:14:39+00:00\" \/>\n<meta property=\"og:image\" content=\"https:\/\/eventdjwesel.de\/wp-content\/uploads\/2024\/12\/Prime4-scaled.jpg\" \/>\n\t<meta property=\"og:image:width\" content=\"2560\" \/>\n\t<meta property=\"og:image:height\" content=\"1920\" \/>\n\t<meta property=\"og:image:type\" content=\"image\/jpeg\" \/>\n<meta name=\"twitter:card\" content=\"summary_large_image\" \/>\n<meta name=\"twitter:label1\" content=\"Gesch\u00e4tzte Lesezeit\" \/>\n\t<meta name=\"twitter:data1\" content=\"2\u00a0Minuten\" \/>\n<script type=\"application\/ld+json\" class=\"yoast-schema-graph\">{\"@context\":\"https:\/\/schema.org\",\"@graph\":[{\"@type\":\"WebPage\",\"@id\":\"https:\/\/eventdjwesel.de\/startseite\/technik\/\",\"url\":\"https:\/\/eventdjwesel.de\/startseite\/technik\/\",\"name\":\"Technik -\",\"isPartOf\":{\"@id\":\"https:\/\/eventdjwesel.de\/startseite\/#website\"},\"primaryImageOfPage\":{\"@id\":\"https:\/\/eventdjwesel.de\/startseite\/technik\/#primaryimage\"},\"image\":{\"@id\":\"https:\/\/eventdjwesel.de\/startseite\/technik\/#primaryimage\"},\"thumbnailUrl\":\"https:\/\/eventdjwesel.de\/wp-content\/uploads\/2024\/12\/Prime4-1024x768.jpg\",\"datePublished\":\"2021-10-01T21:06:46+00:00\",\"dateModified\":\"2026-03-04T15:14:39+00:00\",\"breadcrumb\":{\"@id\":\"https:\/\/eventdjwesel.de\/startseite\/technik\/#breadcrumb\"},\"inLanguage\":\"de\",\"potentialAction\":[{\"@type\":\"ReadAction\",\"target\":[\"https:\/\/eventdjwesel.de\/startseite\/technik\/\"]}]},{\"@type\":\"ImageObject\",\"inLanguage\":\"de\",\"@id\":\"https:\/\/eventdjwesel.de\/startseite\/technik\/#primaryimage\",\"url\":\"https:\/\/eventdjwesel.de\/wp-content\/uploads\/2024\/12\/Prime4-1024x768.jpg\",\"contentUrl\":\"https:\/\/eventdjwesel.de\/wp-content\/uploads\/2024\/12\/Prime4-1024x768.jpg\"},{\"@type\":\"BreadcrumbList\",\"@id\":\"https:\/\/eventdjwesel.de\/startseite\/technik\/#breadcrumb\",\"itemListElement\":[{\"@type\":\"ListItem\",\"position\":1,\"name\":\"Start\",\"item\":\"https:\/\/eventdjwesel.de\/startseite\/\"},{\"@type\":\"ListItem\",\"position\":2,\"name\":\"Technik\"}]},{\"@type\":\"WebSite\",\"@id\":\"https:\/\/eventdjwesel.de\/startseite\/#website\",\"url\":\"https:\/\/eventdjwesel.de\/startseite\/\",\"name\":\"\",\"description\":\"\",\"potentialAction\":[{\"@type\":\"SearchAction\",\"target\":{\"@type\":\"EntryPoint\",\"urlTemplate\":\"https:\/\/eventdjwesel.de\/startseite\/?s={search_term_string}\"},\"query-input\":{\"@type\":\"PropertyValueSpecification\",\"valueRequired\":true,\"valueName\":\"search_term_string\"}}],\"inLanguage\":\"de\"}]}<\/script>\n<!-- \/ Yoast SEO plugin. -->","yoast_head_json":{"title":"Technik -","robots":{"index":"index","follow":"follow","max-snippet":"max-snippet:-1","max-image-preview":"max-image-preview:large","max-video-preview":"max-video-preview:-1"},"canonical":"https:\/\/eventdjwesel.de\/startseite\/technik\/","og_locale":"de_DE","og_type":"article","og_title":"Technik -","og_description":"Hier gebe ich einen Einblick in meine verwendete Technik. Ich kann mich als Technik-Nerd outen. Das kommt nat\u00fcrlich meinen Kunden zugute. Zudem bin ich sehr auf Sicherheit bedacht und habe immer einen PLAN-B in der Tasche. Ausfallsicherheit wird bei mir gro\u00df geschrieben. Das f\u00e4ngt mit der guten Pflege und Wartung der Ger\u00e4te an und h\u00f6rt [&hellip;]","og_url":"https:\/\/eventdjwesel.de\/startseite\/technik\/","article_modified_time":"2026-03-04T15:14:39+00:00","og_image":[{"width":2560,"height":1920,"url":"https:\/\/eventdjwesel.de\/wp-content\/uploads\/2024\/12\/Prime4-scaled.jpg","type":"image\/jpeg"}],"twitter_card":"summary_large_image","twitter_misc":{"Gesch\u00e4tzte Lesezeit":"2\u00a0Minuten"},"schema":{"@context":"https:\/\/schema.org","@graph":[{"@type":"WebPage","@id":"https:\/\/eventdjwesel.de\/startseite\/technik\/","url":"https:\/\/eventdjwesel.de\/startseite\/technik\/","name":"Technik -","isPartOf":{"@id":"https:\/\/eventdjwesel.de\/startseite\/#website"},"primaryImageOfPage":{"@id":"https:\/\/eventdjwesel.de\/startseite\/technik\/#primaryimage"},"image":{"@id":"https:\/\/eventdjwesel.de\/startseite\/technik\/#primaryimage"},"thumbnailUrl":"https:\/\/eventdjwesel.de\/wp-content\/uploads\/2024\/12\/Prime4-1024x768.jpg","datePublished":"2021-10-01T21:06:46+00:00","dateModified":"2026-03-04T15:14:39+00:00","breadcrumb":{"@id":"https:\/\/eventdjwesel.de\/startseite\/technik\/#breadcrumb"},"inLanguage":"de","potentialAction":[{"@type":"ReadAction","target":["https:\/\/eventdjwesel.de\/startseite\/technik\/"]}]},{"@type":"ImageObject","inLanguage":"de","@id":"https:\/\/eventdjwesel.de\/startseite\/technik\/#primaryimage","url":"https:\/\/eventdjwesel.de\/wp-content\/uploads\/2024\/12\/Prime4-1024x768.jpg","contentUrl":"https:\/\/eventdjwesel.de\/wp-content\/uploads\/2024\/12\/Prime4-1024x768.jpg"},{"@type":"BreadcrumbList","@id":"https:\/\/eventdjwesel.de\/startseite\/technik\/#breadcrumb","itemListElement":[{"@type":"ListItem","position":1,"name":"Start","item":"https:\/\/eventdjwesel.de\/startseite\/"},{"@type":"ListItem","position":2,"name":"Technik"}]},{"@type":"WebSite","@id":"https:\/\/eventdjwesel.de\/startseite\/#website","url":"https:\/\/eventdjwesel.de\/startseite\/","name":"","description":"","potentialAction":[{"@type":"SearchAction","target":{"@type":"EntryPoint","urlTemplate":"https:\/\/eventdjwesel.de\/startseite\/?s={search_term_string}"},"query-input":{"@type":"PropertyValueSpecification","valueRequired":true,"valueName":"search_term_string"}}],"inLanguage":"de"}]}},"_links":{"self":[{"href":"https:\/\/eventdjwesel.de\/startseite\/wp-json\/wp\/v2\/pages\/21","targetHints":{"allow":["GET"]}}],"collection":[{"href":"https:\/\/eventdjwesel.de\/startseite\/wp-json\/wp\/v2\/pages"}],"about":[{"href":"https:\/\/eventdjwesel.de\/startseite\/wp-json\/wp\/v2\/types\/page"}],"author":[{"embeddable":true,"href":"https:\/\/eventdjwesel.de\/startseite\/wp-json\/wp\/v2\/users\/1"}],"replies":[{"embeddable":true,"href":"https:\/\/eventdjwesel.de\/startseite\/wp-json\/wp\/v2\/comments?post=21"}],"version-history":[{"count":8,"href":"https:\/\/eventdjwesel.de\/startseite\/wp-json\/wp\/v2\/pages\/21\/revisions"}],"predecessor-version":[{"id":1127,"href":"https:\/\/eventdjwesel.de\/startseite\/wp-json\/wp\/v2\/pages\/21\/revisions\/1127"}],"wp:attachment":[{"href":"https:\/\/eventdjwesel.de\/startseite\/wp-json\/wp\/v2\/media?parent=21"}],"curies":[{"name":"wp","href":"https:\/\/api.w.org\/{rel}","templated":true}]}}